me factors of r(3).
2, 5, 7
Suppose -74318 - 36166 = -11*k. What are the prime factors of k?
2, 3, 31
Suppose 1004 = 24*a - 20*a. Suppose -24*t = -15131 + a. What are the prime factors of t?
2, 5, 31
Let n = 65 + -68. Let z be (-61)/(4/(-24)*3) - n. Let f = z - 96. List the prime factors of f.
29
Let z = 33 - -45. Let x = -66 + z. Suppose x*r = 13*r - 49. List the prime factors of r.
7
Let r be (120/25)/(-24) + (-16)/(-5). Let f(n) = 29*n**2 + 2*n + 2. Let b be f(3). Suppose -r*w + 559 = -b. List the prime factors of w.
2, 3, 23
Let y(u) = -7*u + 4. Let o(d) = 21*d - 12. Let q(x) = -6*o(x) - 21*y(x). What are the prime factors of q(15)?
3, 101
List the prime factors of 8282/5*(-13 - 155/(-10)).
41, 101
Let l = -1357 + 4407. What are the prime factors of l?
2, 5, 61
Let m(d) be the second derivative of d**4/6 + 77*d**2 + 222*d. Let p be (-2)/(-10) + (-1)/5. List the prime factors of m(p).
2, 7, 11
Let o(g) = -2*g + 14. Let b(y) = -y + 26. Let u(r) = 3*b(r) - 7*o(r). List the prime factors of u(7).
3, 19
Let z = 298 + -370. Let a = z + 375. List the prime factors of a.
3, 101
Suppose -11*r = -1644 + 104. Suppose -2*f = -3*p - r, -3*f = -10*p + 5*p - 208. Let c = -28 + f. List the prime factors of c.
2, 3
Let z(h) = -h**2 - 2*h + 3. Let j be z(-2). Suppose x - 416 = -j*x. Suppose n = 4*n + 3*u - 252, n - x = -5*u. What are the prime factors of n?
79
Let b(x) = 74*x - 11*x - 122 + 63*x - 339. What are the prime factors of b(18)?
13, 139
Suppose 7*w - 6*w - 221648 = -27*w. List the prime factors of w.
2, 1979
Suppose n = -4*u + 3, -5*n + 3*u - 1 = -39. Suppose -2 + n = h. Suppose v = 3*k + 3*v - 371, h*v + 222 = 2*k. List the prime factors of k.
11
Let c be 1/((-6)/(-20) - 3/(-15)). What are the prime factors of -5 - (-3 - 1351)/(4/c)?
2, 3, 7
Let n(v) = 9*v**2 + 4. Let p = -17 + 23. Suppose -p = 3*i - i, -5*q + 5*i = -25. List the prime factors of n(q).
2, 5
Let p(k) = -3723*k - 3347. What are the prime factors of p(-7)?
2, 41, 277
Let o = 21 + -23. Let k be (-47)/o - (5 - -1)/(-12). Let j = -20 + k. List the prime factors of j.
2
Suppose j + 3 = -2*j. Let b(v) = -16*v**3 - v**2 - 5*v + 6*v + 0*v + v**2. What are the prime factors of b(j)?
3, 5
What are the prime factors of (3348 + 7)*7/7?
5, 11, 61
Let c be 138/(1 + ((-180)/(-35))/(-6)). Suppose 0 = 2*y + 5*y - c. List the prime factors of y.
2, 3, 23
Let n(i) = i**2 + 9*i + 14. Let h be n(-6). Let t = h - -153. List the prime factors of t.
149
Let y be 19/6 - -2*1/(-12). Suppose -5*j = -3*u + 84, 3*u - y*j - 18 = 66. Let p = u + 42. List the prime factors of p.
2, 5, 7
Let c be ((-50)/(-30))/((4/2)/6). Suppose -c*s = 4*s - 675. List the prime factors of s.
3, 5
Let h be (144/20 + -2)/(1/70). Let a = h + -67. List the prime factors of a.
3, 11
Suppose -220*h + 56*h + 7293244 = 0. List the prime factors of h.
7, 6353
Suppose 8*l + 3244 = 3*n + 13*l, -l = -5*n + 5360. Let v = n + -617. List the prime factors of v.
2, 3, 19
Suppose 0 = -183*c + 3038187 + 4196169. List the prime factors of c.
2, 9883
Let t = 12020 - 6531. List the prime factors of t.
11, 499
Suppose 4*u - 1047 = -5*q, -2*u + 9 = -5*q + 1068. What are the prime factors of q?
211
Suppose -1182518 = -54*o + 491342 + 527666. What are the prime factors of o?
59, 691
Suppose 0 = -3*k + s - 68, k + 0*k + 8 = 4*s. List the prime factors of 2240/12 - (-16)/k.
2, 3, 31
Let t = -68271 - -117830. List the prime factors of t.
49559
Suppose 0 = 4*s, -3*x = 5*s - 12 - 39. Let c(k) = k**3 - 18*k**2 + 20*k + 46. What are the prime factors of c(x)?
97
Let j be (16 + -15)*1433/1. Suppose -14*q - j + 9021 = 0. List the prime factors of q.
2, 271
Let j(i) = -2*i + 2*i**2 + 2*i + i - 6*i**3 + 5*i**3. Let b be j(3). Let s(o) = o**3 + 14*o**2 + 10*o - 2. What are the prime factors of s(b)?
2, 113
Suppose 4*m - m = -180. Let l = m - -109. Suppose l = -3*d + 217. What are the prime factors of d?
2, 7
Let c be (-3376)/20 - -6 - (-3)/(-15). Let s = c - -215. What are the prime factors of s?
2, 13
What are the prime factors of (-15)/(-2)*99116/710?
3, 349
Suppose 4*j + 13 + 159 = 2*l, 0 = l - 4*j - 94. List the prime factors of 405 - ((-28)/(-13) - 12/l).
13, 31
Let m(h) = 4*h**2 - 6*h + 1. Let x(y) = 4*y**2 - 7*y. Let l(g) = -6*m(g) + 5*x(g). Let d be l(-3). Let v = d + 88. What are the prime factors of v?
43
Suppose -48*x + 52*x = 36, -5*x + 294260 = 5*d. List the prime factors of d.
19, 163
Suppose -s = 5*o - 0 - 20, -4*s = -4*o - 8. Let c = 3481 - 3136. Suppose 0 = 5*f - s*m - c, -2*m - 3 = -1. List the prime factors of f.
2, 17
Let x(f) = 94426*f - 1891. What are the prime factors of x(1)?
3, 5, 31, 199
Suppose 9*h - 80 = 6625. Suppose -g = -h - 440. List the prime factors of g.
3, 5, 79
Suppose -2*z + 2 = 5*h - 0*z, -5*z - 22 = -h. Suppose -1312 = -h*c + g, 4*c - 4*g - 663 = 3*c. What are the prime factors of c?
5, 131
Let r = -90 - -414. What are the prime factors of (5 + r)/(-5*5/(-75))?
3, 7, 47
Let x be 4/10 + (-85)/25*-14. Let a = -44 + x. Suppose -d - 373 = -a*v, -5*v - 4*d = -221 - 219. List the prime factors of v.
2, 23
Suppose 0 = 2*z + 7*v - 3*v + 1048, -2114 = 4*z - v. Let o be z/(-7) + (-1)/7*3. Suppose -j = -o + 24. What are the prime factors of j?
3, 17
Let k(z) = -z - 8. Let v be k(-13). Suppose 0 = -v*y - 3*y + 4*y. Suppose -w = 5*s - 64, 5*w + y*s - 266 = 2*s. List the prime factors of w.
2, 3
Suppose 104 = 4*h - 516. Suppose -215*z + 103*z = -107*z - 445. Let v = h - z. What are the prime factors of v?
2, 3, 11
Let b(c) = -2*c - 2*c + 2*c + c**2 + 56. Let n(w) = 6*w + 306. Let p be n(-51). What are the prime factors of b(p)?
2, 7
Suppose 0 = -2*i - 3*m + 12386, -1887*i + 1882*i - m = -30926. List the prime factors of i.
2, 773
Let x be (4/32*12)/(6/16). Let t(p) = p**3 + 14*p**2 + 13*p + 1. Let h be t(-13). Suppose -x*f = -5*f - h, -2*w + 4*f = -240. What are the prime factors of w?
2, 59
Let z(w) = 7*w**2 - 10*w + 17. Let d be z(5). Suppose -166 - d = 4*y. Let k = y - -165. What are the prime factors of k?
2, 11
Suppose -46299 + 114475 = 2*i - 4*k, 4*k - 24 = 0. What are the prime factors of i?
2, 5, 11, 31
Let j(x) = 15*x - 23. Let b(y) = -y - 1. Let z(i) = -2*b(i) + j(i). List the prime factors of z(17).
2, 67
Suppose z = 2*w - 5422, 5*w - 2*w - 5*z - 8126 = 0. What are the prime factors of w?
2, 3, 113
Let m(r) = 331*r + 52. What are the prime factors of m(9)?
7, 433
Let a(n) = -2*n**2 + 11*n - 9. Let t be a(4). Suppose t*d - 1430 = -137. Suppose 5*z - d = -r - 0*r, 5*r = 3*z - 281. What are the prime factors of z?
3, 29
Let u(t) = -t**2 + 27*t + 61. Suppose 0 = -3*y - 3*d - 46 + 109, -3*y + 5*d + 95 = 0. List the prime factors of u(y).
3, 37
Let h = 322 + -318. Suppose -4*t = -h*m - 3660, t - 3628 = -3*t - 4*m. What are the prime factors of t?
911
Suppose -236954 - 630286 = -55*r. What are the prime factors of r?
2, 3, 73
Suppose 2*g - 9390 = -3188. Suppose 0 = 5*z - k - g - 1615, 0 = 3*k - 12. List the prime factors of z.
2, 59
Suppose 34388 - 12220 = 4*i + 2*o, 3*i + o = 16625. What are the prime factors of i?
3, 1847
Let k = 175 + -152. Suppose 11486 = k*t - 3418. List the prime factors of t.
2, 3
Suppose 0 = 3*g + 128 - 125, 4*q - 2*g - 15650 = 0. What are the prime factors of q?
2, 3, 163
Let r be 28/(-182) - 15/(-13). Let x(w) = -2 + r + w - 217*w**3 + 399*w**3. What are the prime factors of x(1)?
2, 7, 13
List the prime factors of 2/((-6018)/8069934*(-2682)/2 + -1).
61, 1297
Suppose -2*a + 9*q - 10*q + 20372 = 0, 2*q = 4*a - 40752. What are the prime factors of a?
61, 167
Suppose -14*f = -5*f + 774. Let c = -67 - f. List the prime factors of c.
19
Let x(n) = -n**3 - 20*n**2 - 21*n - 37. Let t be x(-19). Let l be (-3)/t*5/(45/6). List the prime factors of (-1*(7 - l))/((-4)/92).
3, 23
Let w = -190 - -194. Suppose -o - 1 - w = 0, -3*y + 612 = 3*o. List the prime factors of y.
11, 19
Suppose -2*o - 6*o = 2*o. Suppose -v + 239 + 65 = o. List the prime factors of v.
2, 19
Let k(p) = -3*p + 11. Let q be k(5). List the prime factors of q + 437 - (-70)/10.
2, 5, 11
Let f = 108 + -106. Suppose -f*m + 597 = 3*i, 0*m + 299 = m + 2*i. What are the prime factors of m?
3, 11
Let j = 8353 - -18503. What are the prime factors of j?
2, 3, 373
Let m(z) = -z**2. Suppose -4 + 14 = 2*r. Let g(s) = -9*s**2 + 4*s - 7. Let i(x) = r*m(x) - g(x). 